third derivative of -w**4/8 - 3*w**3/2 + 81*w**2 - 1. What is z(-5)?
6
Let h(x) = -5 - x**3 - 2*x**2 - x**2 + 2*x**2 - 2*x - 4*x**2. Suppose 2*j - t - 15 = 0, 3*j - 23 = 3*t - t. Let n be 2 - (-2 + j - -1). Give h(n).
-13
Let r(q) be the second derivative of -1/2*q**2 + 3*q + 0 + 1/6*q**3. Suppose -18 = -0*l + 3*l. Calculate r(l).
-7
Let a(n) = -138*n**3 - 10*n**2 + 2*n - 12*n + 10 + 4 + 139*n**3 - 1. Determine a(11).
24
Let g = -6 - -32. Let h = g + -18. Let t(w) = w - 5. What is t(h)?
3
Suppose 7 + 5 = -4*h. Let l be (-56)/(-12) - (-2)/h. Let o(j) = -10*j - 34. Let v(a) = -2*a - 7. Let i(m) = 3*o(m) - 14*v(m). Give i(l).
-12
Let t(g) = g + 4. Let k be 9*(7/3 + -3). Let c = k - -7. Let v be (4 - 3) + c + -2. Calculate t(v).
4
Suppose -204 + 24 = -3*n. Let f be (-15)/(-4) - n/80. Let z(a) = 5*a + 3. Let q(p) = -9*p - 6. Let d(j) = -3*q(j) - 5*z(j). Determine d(f).
9
Suppose -3*p - 36 = -3*j, -2*p - j - 9 = -0*j. Let y(w) be the first derivative of 2*w**3 + 1/4*w**4 + 0*w - 11 - 3*w**2. What is y(p)?
-7
Let f(l) be the second derivative of -2*l + 0 + 3/2*l**2 + 1/8*l**4 - 1/30*l**5 - 1/3*l**3. Let c(j) be the first derivative of f(j). What is c(2)?
-4
Let r(k) be the first derivative of -k**4/12 + k**3/6 + 2*k**2 - 14*k + 5. Let g(h) be the first derivative of r(h). Calculate g(-3).
-8
Let v(g) = g**2 - 5*g - 16 + 40 - 30. Give v(6).
0
Let x(w) = w**3 + 4*w**2 - 4*w - 2. Suppose -7*b - 411 = -376. What is x(b)?
-7
Suppose 0 = -3*x + 4 + 5. Let z(u) = 3*u + 2 - x + 6 - 2*u. Suppose 60 = -9*i + 24. Give z(i).
1
Suppose 3 = a - 5*x - 1, 5*a + 5*x - 20 = 0. Let j(u) = -9 + 31*u - 7*u - u**2 - 11*u - a*u. Calculate j(9).
-9
Let t(k) = -k - 9*k + 57 + 7*k + 3*k + 4*k. Calculate t(-14).
1
Let g(p) = p**3 - 5*p**2 + 2*p + 1. Let v be g(4). Let b(h) = 2*h - 2. Let f(o) = -3*o + 2. Let s(i) = -4*b(i) - 3*f(i). Determine s(v).
-5
Let b be (1/3)/((-75)/675). Let g(l) = l**3 + 2*l**2 - 2*l + 4. Let d(r) = -r**3 - r**2 + 3*r - 4. Let y(z) = -2*d(z) - 3*g(z). Give y(b).
-13
Let u be (-2)/(-1 + (-18)/(-6)). Let g(p) be the first derivative of -2*p**3/3 + p + 4. Give g(u).
-1
Let h(a) = 1 - 1 + 2166*a**2 - 2170*a**2 + a**3 + 4*a. Calculate h(4).
16
Let l(v) = 3*v - 3. Let u be l(3). Let c = 10 - u. Let b(q) be the first derivative of q**4/4 - q**3 - q**2 + q + 2. Give b(c).
9
Let h(j) = -j**2 - 2*j + 3. Suppose p - 3*p = -3*n + 7, -p - 14 = -5*n. Suppose n*z + 4 = z. Let w be 5/(z/(-2)) - 3. Calculate h(w).
-5
Let k(f) = f**2 + 12*f + 4. Suppose 162*u = 165*u + 33. Determine k(u).
-7
Let k(z) be the third derivative of -z**5/20 - z**4/8 - z**3/3 + 7*z**2. Let u = -9 - -7. What is k(u)?
-8
Let a(l) = 2*l**2 - 18*l + 2. Let u be a(9). Let f(n) be the second derivative of -1/2*n**u + 0*n**4 - 11/20*n**5 + 7*n + 0 + 0*n**3. Calculate f(1).
-12
Let z(t) be the first derivative of -4*t**2 + t - 83. Calculate z(1).
-7
Let c(v) = 21*v**2 - 18*v - 6. Let u(d) = -57*d**2 + 54*d + 19. Let i(a) = -11*c(a) - 4*u(a). What is i(-5)?
5
Suppose -3*n + 4 = -7*n, -2*i - 5*n = -3. Let q(h) be the first derivative of 3*h**2/2 - 4*h + 18. Give q(i).
8
Let f(s) be the third derivative of s**4/12 - s**2 + 36. Let m be 4/(-6)*(0 + -6). What is f(m)?
8
Let k(a) = a**2 - 41*a + 204. Let d be k(35). Let c(b) = b + 3. Let q(m) = -m - 2. Let g(u) = 6*c(u) + 5*q(u). What is g(d)?
2
Let r(t) = -t**2 + 2*t**3 + 5*t**2 - t - 3*t**3. Suppose 2*h = -2*n + 187 - 185, -5*h = n + 15. Calculate r(n).
-30
Suppose -63 = -3*y + 5*w, -3*w - 2*w = 2*y - 17. Let z(d) = 8*d - 9*d - 14 - 2*d**2 + y. Determine z(-2).
-4
Suppose 2 = -z - 3. Let f(j) = 4*j + 4. Let y(m) = -3*m - 3. Let b(u) = -5*f(u) - 6*y(u). Determine b(z).
8
Let p = 7 - 4. Let n be ((-4)/(-6) + (-1)/(-3))*5. Let m(u) = -u**2 - u - 2. Let h(a) = -a - 1. Let y(z) = n*h(z) - m(z). Determine y(p).
-6
Suppose -16*u = -40*u + 14*u. Let d(n) = -n**2 - 2*n + 7. Calculate d(u).
7
Let k(m) = 8*m**3 - 7 - 7*m**3 + 10*m - 8*m**2 - 8*m + 3*m. Give k(5).
-57
Let q be (-7*28/490)/((-2)/10). Let h(f) = 2*f**3 - 3*f**2 + 3*f - 6. Give h(q).
4
Let j(c) = -c - 11. Let b be j(-11). Let s(t) = -t**2 + b - 13 - 8*t - 1 + 5. Calculate s(-6).
3
Let g(m) be the third derivative of -m**7/840 - 7*m**6/360 - m**5/40 + m**4/4 + 37*m**3/6 + 18*m**2. Let u(w) be the first derivative of g(w). Give u(-6).
-12
Let v be 0 + 7/(21/6). Let q(t) = -3*t + v - t + 6*t. Let r(m) = -2*m - 6. Let y be r(-4). Calculate q(y).
6
Let q be (4/(-10))/(69/(-345)). Let n(i) be the third derivative of -1/3*i**3 + 0*i - 1/12*i**4 + 7*i**q + 0. What is n(-3)?
4
Let p(t) = t + 4. Let n be p(4). Let l be 4/16 - 26/n. Let v(w) = -3*w - 3. What is v(l)?
6
Suppose 7*c + 27 = 10*c. Suppose -c = -b - 2*b. Suppose 0*a + a = -b*f + 12, a + 8 = f. Let d(u) = u**3 - 6*u**2 + 5*u - 1. Determine d(f).
-1
Let l(p) = p**2 + 2*p + 8 - 6 - p. Suppose -3*b = k - 5*k + 12, 3*k = 9. Determine l(b).
2
Let y(w) be the second derivative of w**4/12 + 5*w**3/6 - 5*w**2/2 - 2*w - 47. What is y(-8)?
19
Suppose -5*r - 17*j = -18*j - 32, 14 = 4*r + 5*j. Let l(u) = u**3 - 7*u**2 + 10*u - 16. Calculate l(r).
8
Let q(b) = 1. Let j(s) = -3*s + 4. Let l(h) = j(h) - 3*q(h). Let o be 7 - (4 - 9 - -9) - 8. Calculate l(o).
16
Let k(o) = -o**3 + 15*o**2 + 16*o - 6. Let s be k(16). Let b be s/(-21) + 20/28. Let i(f) = -3*f**2 - 2*f + 1. Determine i(b).
-4
Let x(m) = m**2 + 8*m - 3. Let t be 4 - (2 - 0) - -33. Suppose 5 - t = 5*l. Calculate x(l).
-15
Let x(s) = -2*s - 8. Let u = -234 - -225. Calculate x(u).
10
Let m(x) = -x**2 + x + 1. Let r(o) = -o**3 - 5*o**2 + 9*o + 9. Let p be r(-6). Let h(n) = -4*n - 38. Let v be h(p). Calculate m(v).
-5
Let d(a) be the first derivative of a**6/120 - a**5/15 - a**4/8 - a**3/6 - 11*a**2 + 1. Let s(z) be the second derivative of d(z). Give s(4).
-13
Let d(n) = n - 4. Let w be d(3). Let k = w - -3. Let c(z) = -z**2 - 3*z + 7*z - 4*z**k - 2 + 4*z**2. Calculate c(2).
2
Let f(d) be the first derivative of -7*d**4/4 + d**3/3 + d**2/2 - d - 625. Suppose -4*h - 4*v - 8 = 0, -3*v - 13 + 4 = 0. Calculate f(h).
-6
Let q(u) be the second derivative of -u**4/3 + u**3/2 - 1468*u - 1. Let g = 0 - -4. Suppose -i - 10 = -5*m, 4*i + g = -m + 3*m. Calculate q(m).
-10
Let y(j) be the third derivative of -j**4/24 - 4*j**3/3 - j**2 - 52*j. Determine y(8).
-16
Suppose 10 = -5*l - 2*h - 3*h, -30 = -5*l + 3*h. Let n be (l/(-1))/((-6)/(-8)). Let z(s) be the first derivative of -s**3/3 - 3*s**2/2 + 3*s - 36. What is z(n)?
-1
Suppose 190 + 92 = 3*i. Let q(o) = i - 94 + o. Let s be q(1). Let j(h) = -h**3 - h. What is j(s)?
-2
Let d(v) = 3*v**2 + 3*v + 1. Let b be d(0). Let g(r) = -4*r**2 - 2*r - 2. Let z(j) = 2*j**2 - j - 1. Let o(x) = b*g(x) - 3*z(x). What is o(-1)?
-10
Let w(i) = -32*i + 229. Let r be w(8). Suppose -23 = -0*y - y. Let b = r + y. Let z(l) = l**3 + 2*l**2 - 5*l - 1. Determine z(b).
-13
Let w(b) = b**2 - 2*b - 4. Let o be 8/(1 + -5) - 1*-6. Let y be w(o). Let k(c) = c**2 - 5*c + 1. Calculate k(y).
-3
Suppose 4*m - 12 = 0, 3*k + 24 = 6*k + 4*m. Let h(u) = 6*u - k*u + u + 2. Calculate h(-5).
-13
Suppose -2*l - 3*o - 3 = 0, -4*l + 5*o + 35 = 8. Let p(u) = -u - 5. Let r(c) = 1. Let d(x) = l*r(x) + p(x). Determine d(-5).
3
Let l(o) = -o**3 - 5*o**2 - 4*o + 4. Suppose 0 = 2*u + k + 2*k - 3, -u + 4 = 4*k. Suppose j + 4 = -u. What is l(j)?
4
Let z(b) = b**2 - 12*b + 17. Let c(h) = 5*h + 165. Let k be c(-31). Calculate z(k).
-3
Let u(d) = 13002*d**2 - 2 - 2*d + 0 + 7*d - 13003*d**2. Give u(5).
-2
Let r(h) = h**3 - 5*h + 9. Let c(k) = k**3 - 2*k + 4. Let u(q) = -5*c(q) + 3*r(q). Let y(n) = n**3 + n - 1. Let v(l) = -u(l) - 3*y(l). Calculate v(-3).
17
Suppose -i + m - 16 = -10, 0 = 5*m + 20. Let w(y) = -y**2 - 7*y + 12. Calculate w(i).
-18
Let n(x) be the third derivative of 5/3*x**3 + 0*x + 0 - 2*x**2 - 1/24*x**4. Suppose j = 4*j. Calculate n(j).
10
Let q = -4 + 5. Let v(o) = -2 + q + 2*o**3 + 0 + o. Give v(1).
2
Let u(a) = -39*a - 6*a**2 + 37*a - 1 - 16 + 18*a**2 - 8*a**3 + 9*a**3. Determine u(-12).
7
Let k be 6/(-5)*(-14)/(154/(-165)). Let t(f) = f**3 + 20*f**2 + 37*f + 11. What is t(k)?
-7
Let n(p) = -p**2 - 2*p. Let r be -3 + (-18)/(-6) + -3. What is n(r)?
-3
Let q(d) = 3*d**2 - 1. Let s(m) = 7*m**2 + m - 10. Let g(w) = -2*q(w) + s(w). What is g(0)?
-8
Let l be ((-24)/(-9))/((-20)/30). Let a(d) = d**2 + 6*d + 4.